divisor of 2 and 18.
2
What is the highest common factor of 4 and 28?
4
What is the highest common divisor of 65 and 52?
13
Calculate the highest common factor of 1017 and 108.
9
What is the highest common factor of 336 and 384?
48
Calculate the greatest common divisor of 140 and 5530.
70
Calculate the highest common factor of 213 and 1704.
213
Calculate the highest common factor of 8340 and 60.
60
Calculate the greatest common factor of 516 and 34056.
516
Calculate the greatest common factor of 312 and 234.
78
What is the highest common factor of 377 and 87?
29
What is the highest common factor of 24 and 264?
24
Calculate the greatest common divisor of 30 and 138.
6
What is the greatest common divisor of 78 and 26?
26
What is the highest common divisor of 132 and 20?
4
What is the greatest common divisor of 7372 and 247?
19
Calculate the greatest common divisor of 72 and 2232.
72
Calculate the highest common divisor of 504 and 308.
28
Calculate the greatest common divisor of 390 and 15.
15
Calculate the highest common factor of 1110 and 20.
10
Calculate the highest common factor of 68 and 26843.
17
Calculate the greatest common factor of 10 and 590.
10
What is the greatest common factor of 84 and 10458?
42
Calculate the greatest common factor of 14796 and 324.
108
What is the greatest common factor of 4 and 17?
1
What is the highest common factor of 90 and 10?
10
What is the highest common factor of 217 and 63?
7
What is the greatest common divisor of 15 and 610?
5
Calculate the highest common divisor of 36 and 45.
9
Calculate the highest common divisor of 405 and 90.
45
Calculate the greatest common divisor of 1703 and 1179.
131
Calculate the highest common factor of 14 and 1078.
14
What is the greatest common factor of 792 and 352?
88
What is the greatest common factor of 377 and 52?
13
What is the greatest common factor of 8660 and 20?
20
What is the highest common divisor of 7808 and 256?
128
Calculate the highest common divisor of 3870 and 450.
90
Calculate the greatest common factor of 1406 and 190.
38
What is the highest common factor of 1054 and 272?
34
Calculate the highest common factor of 204 and 768.
12
What is the greatest common factor of 24 and 312?
24
Calculate the highest common factor of 9 and 1233.
9
Calculate the greatest common divisor of 138 and 5106.
138
Calculate the highest common divisor of 24191 and 34.
17
What is the highest common divisor of 30 and 110?
10
What is the greatest common factor of 72 and 30?
6
What is the greatest common factor of 2850 and 100?
50
What is the highest common factor of 16531 and 61?
61
Calculate the greatest common factor of 381 and 9.
3
Calculate the greatest common divisor of 89 and 356.
89
Calculate the highest common divisor of 204 and 12.
12
What is the highest common factor of 32944 and 348?
116
Calculate the greatest common divisor of 3 and 294.
3
Calculate the highest common factor of 266 and 912.
38
Calculate the greatest common factor of 754 and 406.
58
Calculate the greatest common divisor of 1 and 2879.
1
Calculate the greatest common factor of 10 and 5.
5
Calculate the greatest common divisor of 48 and 432.
48
What is the greatest common divisor of 4 and 11?
1
Calculate the highest common factor of 66 and 102.
6
What is the greatest common factor of 95 and 304?
19
What is the highest common factor of 1029 and 98?
49
What is the highest common divisor of 565 and 113?
113
What is the highest common factor of 1365 and 350?
35
Calculate the greatest common divisor of 266 and 16359.
133
What is the greatest common divisor of 327 and 6?
3
What is the greatest common divisor of 143 and 121?
11
What is the highest common divisor of 312 and 39?
39
What is the greatest common divisor of 1679 and 69?
23
What is the greatest common divisor of 321 and 3?
3
What is the highest common factor of 120 and 696?
24
Calculate the highest common divisor of 296 and 4699.
37
Calculate the greatest common factor of 66 and 1892.
22
What is the greatest common divisor of 7 and 497?
7
Calculate the highest common divisor of 18 and 936.
18
Calculate the greatest common divisor of 14306 and 23.
23
Calculate the greatest common factor of 52 and 3666.
26
Calculate the highest common factor of 288 and 5056.
32
Calculate the highest common divisor of 77 and 187.
11
Calculate the greatest common factor of 15 and 6.
3
What is the highest common factor of 12 and 2496?
12
What is the greatest common divisor of 209 and 1441?
11
Calculate the highest common divisor of 15680 and 42.
14
What is the highest common factor of 800 and 25?
25
What is the highest common divisor of 15884 and 228?
76
What is the greatest common divisor of 198 and 1166?
22
Calculate the greatest common divisor of 12 and 1772.
4
Calculate the highest common factor of 272 and 16.
16
What is the highest common divisor of 5180 and 1330?
70
Calculate the greatest common divisor of 3280 and 3075.
205
What is the greatest common factor of 216 and 783?
27
What is the greatest common factor of 44 and 4070?
22
Calculate the highest common divisor of 9 and 6.
3
Calculate the highest common factor of 1422 and 738.
18
Calculate the greatest common divisor of 2001 and 87.
87
Calculate the greatest common divisor of 93 and 375.
3
What is the greatest common divisor of 2156 and 2464?
308
Calculate the greatest common factor of 24 and 4836.
12
What is the greatest common factor of 156 and 884?
52
Calculate the greatest common divisor of 4 and 3884.
4
Calculate the greatest common factor of 21 and 9.
3
What is the greatest common factor of 80 and 12992?
16
Calculate the greatest common factor of 9780 and 240.
60
What is the highest common divisor of 30 and 2230?
10
Calculate the greatest common factor of 85 and 245.
5
Calculate the highest common divisor of 22 and 2497.
11
What is the greatest common divisor of 128 and 24?
8
What is the greatest common divisor of 2 and 35?
1
Calculate the highest common divisor of 33 and 8063.
11
What is the highest common factor of 2548 and 884?
52
What is the greatest common factor of 1170 and 650?
130
What is the greatest common divisor of 14 and 161?
7
Calculate the greatest common divisor of 54 and 360.
18
Calculate the highest common factor of 224 and 11872.
224
What is the highest common factor of 198 and 27?
9
What is the highest common factor of 189 and 7?
7
What is the greatest common divisor of 15648 and 72?
24
What is the greatest common divisor of 89 and 7031?
89
What is the greatest common factor of 532 and 190?
38
Calculate the highest common factor of 9912 and 504.
168
What is the highest common factor of 5320 and 95?
95
What is the greatest common divisor of 135 and 801?
9
Calculate the greatest common factor of 2601 and 135.
9
Calculate the highest common factor of 66 and 3124.
22
Calculate the highest common factor of 140 and 175.
35
Calculate the greatest common divisor of 8865 and 45.
45
What is the highest common factor of 16 and 120?
8
Calculate the greatest common factor of 261 and 1189.
29
What is the highest common divisor of 45 and 80?
5
What is the highest common factor of 962 and 666?
74
Calculate the greatest common divisor of 114 and 18.
6
What is the highest common factor of 33 and 143?
11
What is the greatest common factor of 125 and 3325?
25
What is the highest common divisor of 26900 and 300?
100
What is the highest common divisor of 2 and 626?
2
What is the greatest common factor of 1304 and 72?
8
What is the highest common divisor of 14350 and 182?
14
Calculate the greatest common divisor of 80 and 272.
16
Calculate the greatest common factor of 112 and 16.
16
Calculate the greatest common factor of 45 and 180.
45
Calculate the greatest common factor of 261 and 9.
9
What is the highest common factor of 216 and 12?
12
Calculate the greatest common divisor of 756 and 28.
28
Calculate the highest common divisor of 64 and 6112.
32
What is the greatest common divisor of 2585 and 220?
55
Calculate the greatest common divisor of 546 and 28.
14
What is the highest common factor of 28 and 4?
4
What is the highest common factor of 767 and 59?
59
What is the highest common divisor of 55 and 4543?
11
What is the highest common divisor of 465 and 660?
15
Calculate the highest common divisor of 12